). Give p(-3).
-13
Let t(d) = -3 - 48*d + 24*d + 23*d + 0. Determine t(5).
-8
Let j(f) be the second derivative of -f**3/6 + f**2 - 22*f. Let y be 0 + 2 + -1 + 9. Let t = 14 - y. What is j(t)?
-2
Let a(n) be the first derivative of -3 - 7/2*n**2 + 7*n. Let r(k) = -4*k + 4. Let f(d) = -3*a(d) + 5*r(d). Determine f(5).
4
Let a(c) be the first derivative of 5/2*c**2 + 1/8*c**4 - 1/120*c**6 - 1/15*c**5 - 5 + 0*c**3 + 0*c. Let r(o) be the second derivative of a(o). Determine r(-5).
10
Let x(n) = 5*n**3 - 21*n**2 + 14*n - 10. Let o(c) = 2*c**3 - 10*c**2 + 6*c - 5. Let k(h) = 7*o(h) - 3*x(h). Determine k(-7).
-5
Let q = 26 + -19. Let a(w) = 3*w - 8. What is a(q)?
13
Let g = 154 - 152. Let d(r) = r**3 - r**2 - 2*r - 1. Give d(g).
-1
Let v(n) = -7*n**3 - 3*n**2 + n + 7. Let c(f) = 4*f**3 + f**2 - f - 4. Let s(z) = -5*c(z) - 3*v(z). Suppose 2*i + 16 = -2*i. Give s(i).
-9
Let m(c) = -c - 16. Let s(v) = -v**2 - v - 5. Let b = 14 + -17. Let x be s(b). Give m(x).
-5
Let p be (-6)/4*168/(-36). Suppose z + 1 = p. Let u(x) = -x**2 + 7*x - 3. Determine u(z).
3
Let b(y) = 8*y**2 + 5*y + 6. Let n(r) = r + 1. Let o(x) = b(x) - 6*n(x). Suppose -2*l + 25 = -5*g - l, 3*l - 19 = g. Let v be (-4)/(-6)*(-6)/g. What is o(v)?
7
Suppose -3*f - 18 = -3*t, 0*t - 2 = t + f. Let l(a) = -a. Let w(q) = 5. Let i(y) = t*w(y) + 2*l(y). Give i(7).
-4
Let j = -4 - -4. Let h(c) = 2 + 5*c - c**2 + 4*c**2 + j - 2*c**2. Suppose 0 = -18*w + 5*w - 39. Determine h(w).
-4
Let t(l) = 4*l**3 - 2*l**2 + 2*l - 1. Let a be t(1). Suppose w + 4 = a*w. Let s(y) = -w - y - 3 + 1. Determine s(-5).
1
Let z(n) be the second derivative of -n**4/12 + n**3 + n**2/2 + n - 11. Let w(l) = l**2 + l - 2. Let b be w(-3). Suppose b*r = 25 - 5. Calculate z(r).
6
Let a(h) = -10*h**2 - h - 1. Let s(t) = t + 5. Let j be s(5). Let p = 19 - j. Suppose -u + 5*c = -p, -5*u + c - 6*c - 15 = 0. Determine a(u).
-10
Let y(n) = n**3 + 43048 + 8*n - 43058 + 12*n**2 - 2*n**2. Let b be (-35)/4 - 2/8. Determine y(b).
-1
Let u(i) = -11*i**2 + 15*i + 26. Let s(k) = -31*k**2 + 45*k + 76. Let y(j) = 6*s(j) - 17*u(j). What is y(-15)?
14
Let v be 0 - ((-72)/(-2) - 1). Let q = 32 + v. Let m(g) = -2*g**2 - 3*g + 4. Give m(q).
-5
Let j(z) = -z**2 - 6*z + 6. Let w = -15 + 36. Let q be (7/w + (-60)/(-9))*-1. Give j(q).
-1
Let r(g) = -g**2 - 8*g. Let z(v) = v**2 + 23*v + 66. Let o be z(-19). Calculate r(o).
-20
Let c(q) = q**3 + q**2 + 5*q + 3. Suppose 51*x + 4 = 55*x - 4*s, -21 = 3*x + 5*s. Calculate c(x).
-11
Let t(z) = -z + 1. Let v(a) = 4*a - 22. Suppose 182 = -2*w + 190. Let g be v(w). Determine t(g).
7
Let q(v) be the third derivative of -v**8/10080 - v**7/5040 + v**6/720 + v**5/20 - 11*v**2. Let k(h) be the third derivative of q(h). Give k(2).
-9
Let m be (-1 + 1/2)*8. Let q(h) = h**2 - 5*h + 7. Let j be q(3). Let z(t) = 1 + t + j + 0 + 2. Give z(m).
0
Let t(q) = -q + 5. Let k(l) = -2*l + 5. Let i(y) = -4*k(y) + 5*t(y). Suppose -3*s + 3 + 9 = 0. Give i(s).
17
Suppose -5*m + 8*m = 9. Let w(n) = 11*n**3 + 20*n**2 - 18*n - 21. Let q(a) = 4*a**3 + 7*a**2 - 6*a - 7. Let g(k) = m*w(k) - 8*q(k). What is g(-5)?
-2
Let n(r) = -2*r**2 + r - 1. Let s be -2*(-3)/(-3 + 5 + -4). Calculate n(s).
-22
Let s(c) = -14*c**2 - 13*c**2 - 2 + 0 + 29*c**2 - c. Calculate s(2).
4
Let s(d) = d**3 - 6*d**2 - 7*d + 2. Let g = -56 + 63. Determine s(g).
2
Let q(f) = f**3 + 5*f**2 - 7*f - 7. Let p = -29 + 31. Let g be (p/4)/(5/(-60)). Calculate q(g).
-1
Let f(q) = -8*q + 1. Suppose 0*v = 4*v + 288. Let m = -106 - v. Let c = m - -33. Determine f(c).
9
Let n(c) = -15 + 22*c + 15*c + 24*c + 17*c - 74*c. What is n(10)?
25
Let d(k) = -k + 7*k**2 - 4*k**2 - 7 + 2*k. Let h(m) = 233*m + m**2 - 2 - 233*m. Let y(i) = -2*d(i) + 7*h(i). Give y(2).
0
Let a(o) = -6*o**3 + 2*o**2 + 7*o - 57. Let q(p) = -3*p**3 + p**2 + 4*p - 29. Let v(s) = -3*a(s) + 5*q(s). Let l(u) be the first derivative of v(u). Give l(-1).
10
Let w(x) be the third derivative of 1/6*x**4 + 1/2*x**3 + 0*x + 0 - 8*x**2. Suppose -h + 11 = -5*d + 33, -24 = 4*h - 4*d. Give w(h).
-5
Let f = 7 + -3. Suppose -p = f*p - 5. Suppose p = -s - 3. Let t(l) = -l**3 - 5*l**2 - 6*l - 4. What is t(s)?
4
Let t(d) be the second derivative of -d**4/12 + 2*d**3/3 + 3*d**2/2 - 2*d. Let b be -2*((-11)/(-22) - 4). Give t(b).
-18
Let v(j) = -j**3 - 4*j**2 - 6*j - 2. Let s(o) = -o**2 - 5*o + 21. Let u be s(-8). Determine v(u).
7
Let f(p) be the first derivative of -p**3/3 - 7*p**2/2 - 2*p + 333. Calculate f(-7).
-2
Let l(b) be the third derivative of -5/24*b**4 - 1/120*b**6 - 1/10*b**5 - b**2 + 0*b + 0*b**3 + 0. Calculate l(-5).
0
Let k(t) = 320*t + 1 - 164*t - 159*t. Suppose 5*q = -5, -1 = 3*d + d - 3*q. What is k(d)?
4
Suppose -2*j = -5*t + 10, -17 = 3*j + 4*t - 48. Let k(n) = -39*n**3 + 38*n**3 - 115*n**2 + 119*n**2 + 5*n. What is k(j)?
0
Suppose -19*i + 14*i + 10 = 0. Let s(k) = -11 - 479*k + 2*k**2 + 468*k - 3*k**i. Calculate s(-10).
-1
Let p(b) = b**2 - 1. Let q be 228/21 - 2/(-14). Let v = q - 11. Suppose -2*i + 4*j = 8, 3*j + v - 1 = 4*i. What is p(i)?
3
Let d(o) = -o**3 + 14*o**2 - 2*o + 26. Let n = 30 - 16. What is d(n)?
-2
Let d(h) = -h**3 + 6*h**2 - 6*h. Suppose k + s = -0*s + 30, 0 = -2*k - 4*s + 60. Suppose -5*b + k = b. Calculate d(b).
-5
Suppose -2*p - c - 9 = 4, 5*p + 20 = -5*c. Let a(h) = -h**3 - 9*h**2 - h - 18. Determine a(p).
-9
Let h(z) = 10*z**3 + 9*z**2 - 7*z - 2. Let s be h(1). Let v(o) = o**3 - 11*o**2 + 12*o - 10. What is v(s)?
10
Suppose -3*h + 5 = -2*g, -4*h = -2*h + g - 1. Suppose -8*v = -0 - 8. Suppose t + v + h = 0. Let d(a) = 4*a - 1. What is d(t)?
-9
Let v(d) = 2*d**3 + 2*d**3 - 5*d**3 + 3*d**2. Let h be 3/(-9) + 466/3. Let u = -152 + h. Determine v(u).
0
Let p be 1 + 16/9 + (-40)/(-180). Let q(l) = 0*l + l**2 - 3*l + 2*l**p + 3 + 6*l**3 - 7*l**3. What is q(-3)?
-6
Suppose -4*s - 17 + 25 = 2*z, -2*z + 5*s = 37. Let u(g) = -2*g**2 - 12*g + 3. Determine u(z).
3
Let r(c) = c**2 + c - 3. Let l(u) = u**2 + u - 2. Let p(q) = -6*l(q) + 5*r(q). Suppose 1046*g - 1038*g = 0. Calculate p(g).
-3
Let b = 163 + -155. Let i(m) = -m + 5. Calculate i(b).
-3
Let i(f) be the first derivative of 2*f + 3/2*f**2 + 27. Calculate i(-4).
-10
Let d(j) be the second derivative of -2/3*j**3 - 1/2*j**4 - 1/20*j**5 + 0 + j - 4*j**2. Let w(q) = 5*q**3 - 3*q**2 - 3*q - 1. Let v be w(-1). Calculate d(v).
16
Let o(b) = -b**3 + 7*b**2 + 2. Suppose 0 = -3*l + 25 - 4. Let i be o(l). Let g(j) = -2*j**2 - 6*j + 10*j**i - 7*j**2. Give g(6).
0
Suppose 4*w + 3*r = 16, 2*w + 4*r - 3*r = 10. Suppose 0 = -6*d + 23 + w. Let z(s) = -4*s - 2. Calculate z(d).
-22
Suppose 0 = x + 4. Let p(u) = u. Let v(b) = 1. Let m be (6 + (-104)/16)/(2/(-12)). Let t(z) = m*p(z) + x*v(z). Calculate t(3).
5
Let k(h) be the second derivative of h**3/6 - h**2 + h - 1. Suppose 0*i + 21 = 3*i. Give k(i).
5
Let b(o) = -2*o + 2. Suppose -40 = -10*j - 10. Determine b(j).
-4
Let g(f) = 7*f + 60. Let k(z) = -10*z**2 - 14*z + 4. Let i be k(-2). Calculate g(i).
4
Let m(s) = s. Let d be (-1776)/(-32)*4/6. Let q = d - 37. Let i be -2 + -1 + 0 + q. Calculate m(i).
-3
Let w(d) be the first derivative of -d**4/4 - d**3 + d**2 - 5*d + 395. Give w(-4).
3
Let k(o) be the third derivative of -o**6/120 - o**5/12 + 5*o**4/24 - 4*o**3/3 + 83*o**2 + 1. Determine k(-6).
-2
Let f(b) = -b**2 - 6*b - 5. Let r be f(-6). Let l(w) be the second derivative of 5/12*w**4 + 0 + 1/20*w**5 - 1/6*w**3 - 5/2*w**2 - 6*w. Determine l(r).
0
Let m(y) be the third derivative of y**6/120 + y**5/30 - y**4/6 - y**3/3 + 2*y**2 - 47*y. Determine m(-3).
1
Suppose -3*d = 5*u - 17, -4*d = 4*u - 3*u. Let a(w) = -4*w + 10. Determine a(u).
-6
Let t(k) = 2*k + 8. Let h be t(-1). Let g(i) be the second derivative of -i - 2*i**2 + 1/20*i**5 - 1/2*i**4 - 1/6*i**3 + 0. Determine g(h).
-10
Let i(j) be the third derivative of -j**5/60 - 2*j**3/3 - 2*j**2. Let f be i(0). Let h(v) = -568 - 4*v + 1019 - 456. Give h(f).
11
Let z(j) = -j**2 + 172 - 3*j + 2*j - 95 - 91. Let m be (-1)/1*(-2 + 2). Calculate z(m).
-14
Let a(j) = -27 + 2*j + 6 + 4 + 10 + 4. Let f be 6*1*(-4)/(-12). Calculate a(f).
1
Let v be (-4)/14 + 52/(-14). Let p(t) be the first derivative of 2*t - 1/3*t**3 - t**2 + 3. Calculate p(v).
-6
Let t(h) be the first derivative of -h**3/3 + h**2/2 + h - 80. Let y be (-1)/(((-3)/9)/1). What is t(y)?
-5
Let o(n) = -1 + 8 - 9